.
11
Let q(f) be the first derivative of -f**4/4 - f**2/2 + 8*f - 3. Let l = -17 + 9. Let j = l - -8. Calculate q(j).
8
Let y(r) be the third derivative of -r**8/6720 + r**7/2520 - 3*r**5/40 + 13*r**4/8 + 40*r**2. Let d(x) be the second derivative of y(x). Give d(0).
-9
Let b(s) = 2*s + 42 + 0*s - 49. Give b(0).
-7
Let r(c) = -c**2 + 7*c + 6. Suppose 0*q + 80 = 4*q. Suppose -q = 3*u - 5*u + 4*z, 4*u - 2*z - 28 = 0. Give r(u).
12
Suppose -3*c + 18 = a - 0, 5*c = -3*a + 50. Let o(d) = d**2 - 16*d + 19. Give o(a).
4
Let r(j) = -j**2 - 4*j + 3. Let o = 65 + -65. Suppose 3*k + 8 + 10 = o. What is r(k)?
-9
Let n be -10*2/5*75/(-60). Let p(u) = 13*u + 2. Give p(n).
67
Let q(r) = -r**3 + r**2 - r + 1. Let t(j) = j + 1. Let d be t(-2). Let u(z) = -z**2 + z - 7. Let a(c) = d*q(c) - u(c). Give a(0).
6
Let c be 20/24 + (-10)/12 + 1. Let a(w) = 9*w + 1. Let k = 3 + -2. Let h(s) = -s + 1. Let n(j) = k*a(j) - 2*h(j). Give n(c).
10
Let d(i) = i**2 - 6*i + 2. Let a be d(6). Let v(w) be the second derivative of -2*w**a - 1/6*w**3 + 0 + 6*w. Give v(-6).
2
Let q(z) = z**2 + 7*z - 4. Let c(d) = d**2 + 8*d + 2. Let v be c(-7). Let m be (v/(-2))/((-2)/4). What is q(m)?
-14
Let n(h) = 2*h**2 + 4*h + 4. Let a(b) be the third derivative of b**5/60 + b**4/6 + 2*b**3/3 - 16*b**2. Let d(p) = -3*a(p) + 2*n(p). Determine d(4).
-4
Suppose 5*v - 36 = -7*v. Let c(w) = -1 - 6*w**2 - 4*w**3 - 6*w + 3*w**v + 0*w**2 - 1. Give c(-5).
3
Let t(i) be the first derivative of 3/2*i**2 - 2*i + 2. Let p = 1746 - 1744. What is t(p)?
4
Let v(f) = 5*f + f + 6*f - 12 - 21*f + 8*f. What is v(5)?
-17
Let q(f) = -8*f + 320. Let g be q(39). Let p(z) = -z**3 + 7*z**2 + 6*z + 11. Calculate p(g).
-5
Let n(g) = g**3 + 2*g**2 + g. Let v(o) = -o**2 + 13*o - 41. Let m be 0 + 2 + 5/(10/6). Let x be v(m). What is n(x)?
0
Let j(u) = u + 1. Let w = -19 - -20. Let h(y) be the first derivative of y**2 - 2*y - 11. Let t(s) = w*j(s) + h(s). What is t(-3)?
-10
Let h = -1 - 2. Let j(f) = -2*f**2 - 5*f - 1. Suppose 14*z - 42 = -0. Let q(u) = -4*u**2 - 10*u - 1. Let g(m) = z*q(m) - 7*j(m). Determine g(h).
7
Let q = -86 - -70. Let b = 9 + q. Let j(g) = g**2 + 6*g - 2. What is j(b)?
5
Let v be 1 - (-260)/35 - (-8)/14. Let g(t) = -t**3 + 10*t**2 - 6*t - 6. Give g(v).
21
Let x(g) = 4*g**3 - 1 - 248*g**2 - 5*g**3 - 12*g + 234*g**2. Determine x(-13).
-14
Let x(q) = -6*q**3 + 5*q**2 + 5*q - 7. Let b(z) be the first derivative of 7*z**4/4 - 5*z**3/3 - 3*z**2 + 7*z - 9. Let n(m) = -5*b(m) - 6*x(m). Give n(5).
7
Let p(o) = -15610 + o**2 + 2*o - 3*o + 15610. What is p(2)?
2
Let p = 0 - -2. Let r(b) be the second derivative of 0 - 31*b + 0*b**3 + b**2 + 1/12*b**4 - 1/20*b**5. Give r(p).
-2
Let v(r) = -2*r**2 - 4*r. Let u(m) = -19*m - 1 + 18*m + 3*m**2 + 0*m**3 - 2*m**3 - 2*m**3. Let l be u(1). What is v(l)?
-6
Let x(d) = -6*d - 1. Suppose 3*m - 26 = -z, 0*z - 4*z = m - 27. Suppose 5*y = -c - 4, -2*y + 0*c + 5*c - m = 0. Give x(y).
5
Let s(z) = 3*z - 2*z + 0*z + 6. Suppose 4*h + 44 = -3*m, 4*m - 24 = 239*h - 234*h. What is s(h)?
-2
Let j(p) = p**2 - p + 6. Let q(s) = 4*s**2 + 6*s + 49. Let x(d) = -7*j(d) + q(d). Determine x(6).
-23
Let z be ((-8)/(-20))/(24/(-60)). Let h(k) = -5*k + 1. Calculate h(z).
6
Let h be (3 + -3)/(-2) + 25. Suppose 0 = r + 4*k - 0*k - 20, -4*r - 5*k = -h. Let z = -4 + r. Let t(b) = b**3 + 3*b**2 - 6*b - 6. Determine t(z).
2
Suppose 4*m = 5*b, -b = 4*b + 5*m - 45. Let l = -13 - -16. Let z(d) = 7*d + 7 - l - d**2 - 3*d. Give z(b).
4
Let g(n) be the second derivative of n**3/6 + n**2/2 + 3*n - 52. Determine g(-3).
-2
Let r(f) = f**2 + 25*f - 6. Let y be r(-25). Let c(s) = -s**2 - 4. Suppose 6 + 9 = 3*w. Let j(o) = o. Let q(v) = w*j(v) - c(v). Determine q(y).
10
Let y(f) = 8*f**3 + 2*f**2 - 1. Suppose 0 = 3*s + 2*u - 36, 0*s = 3*s - 4*u - 36. Suppose -2 = -14*z + s*z. Determine y(z).
9
Let q be ((-45)/15)/1 - -1. Let o = 6 - 4. Let p(v) = v**2 + 0 + 0 + 3 + o*v. Determine p(q).
3
Let c(z) = z**2 + 5*z - 9. Let t be 18/30 + (-84)/(-10). Suppose n + t = 2. What is c(n)?
5
Let j(u) = 4*u + 8. Let m(r) = -5*r - 10. Let f(w) = 4*j(w) + 3*m(w). Give f(0).
2
Let x(b) = -b**3 - b**2 - b - 11. Let m = -11 + 11. Suppose 5*o + m*o = -o. Give x(o).
-11
Let a(t) = -t**2 - 9*t - 19. Let x(c) = -c**2 - 10*c - 17. Let q(u) = -4*a(u) + 5*x(u). What is q(-13)?
4
Suppose -114*r = -33*r - 486. Let d(o) = -o**3 + 7*o**2 - 7*o - 5. Determine d(r).
-11
Let y = 7 + -7. Let b(i) = 4 + 3*i**2 + i - 1 + 3 - 4*i**2. Give b(y).
6
Let m(h) be the third derivative of -h**4/6 - h**3/2 + 8*h**2 + 2*h. Determine m(-2).
5
Let h(c) = 24*c**2 + c - 1. Let z(b) = b**3 + 4*b**2 - 35*b - 151. Let y be z(-5). What is h(y)?
22
Let s(b) = -2 - 69*b + 24*b + 21*b + 23*b. What is s(4)?
-6
Let v(q) = 2*q**2 - 5*q + 4. Suppose 20*y = 18*y + 8. Calculate v(y).
16
Let i(b) = 10*b**3 + b**2 - b. Let h(y) = 34*y**2 - 3*y + 1 + 3*y - 38*y**2. Let o(t) = 3*t**2 - 1. Let q(x) = -5*h(x) - 7*o(x). Let c be q(1). Calculate i(c).
10
Let u(l) be the second derivative of l**5/20 + l**3/3 + l**2/2 - 57*l. Determine u(3).
34
Let q(r) = -8*r - 1. Suppose -6*s + 2*s + 120 = 0. Let c = 31 - s. Determine q(c).
-9
Let o(y) = -y**3 + 27*y**2 + 28*y - 2. Let t be o(28). Let c(q) = -6*q - 1. Give c(t).
11
Let q = -3 - -1. Let j(t) = -t**3 - 3*t**2 + 6*t - 1. Let w(n) = -n**3 - 3*n**2 + 5*n - 1. Let m(l) = 6*j(l) - 7*w(l). What is m(q)?
3
Let s(w) = 2*w**2 + 1. Let y(m) = -6*m**2 - 3. Let a(o) = -8*s(o) - 3*y(o). What is a(-2)?
9
Let i(p) be the second derivative of -1/15*p**5 + 1/120*p**6 + 2*p**2 + 0 + 1/24*p**4 - 1/6*p**3 + 2*p. Let h(t) be the first derivative of i(t). Give h(3).
-7
Suppose -196 = -30*l + 58*l. Let q(m) = 2*m**2 + 13*m + 3. What is q(l)?
10
Suppose -8 = 3*w - 23. Suppose -w*h = -0*h. Suppose -3*m = -h*m - 6. Let p(t) = 2*t**2 - 3*t + 1. Determine p(m).
3
Let s(n) = n**3 + 7*n**2 + 6*n - 4. Suppose 21 = -8*r - 19. Determine s(r).
16
Let h(g) be the first derivative of 5*g**4 + 2*g**3/3 - g + 85. Determine h(1).
21
Let m(z) = -z**3 - z**2 - z. Let r(l) = 4*l**3 + 10*l**2 + 8*l - 7. Let d(w) = 5*m(w) + r(w). Calculate d(5).
8
Let p(i) = i**3 - 3*i**2 - 3*i - 1. Let q be p(4). Suppose -f - 44 = q*f. Let d = 16 + f. Let w(b) = -b - 3. Calculate w(d).
-8
Let c = 73/154 - -2/77. Let x(z) be the second derivative of c*z**2 + 1/6*z**3 - 8*z + 0. What is x(-4)?
-3
Let m = -205/2 - -617/6. Let j(x) be the first derivative of m*x**3 - 5/2*x**2 + x - 4. Calculate j(3).
-5
Let g(x) = -6*x + 3. Let d(r) be the third derivative of -r**5/60 + 5*r**4/24 - r**3/2 - 4*r**2. Let l be d(2). Suppose -l*z + 6 = -z. Determine g(z).
-15
Suppose -8112 = -8*z - 8200. Let t(c) = c**3 + 10*c**2 - 11*c. What is t(z)?
0
Suppose 4*o = 8*o - 8. Let c(q) = 2*q + 4*q - 7*q + o*q. Calculate c(-3).
-3
Let f(w) = 9*w - 2. Let k be ((-2)/(-5) - 0)/((-16)/40). What is f(k)?
-11
Let i(g) = -15*g + 23*g - 11*g + 7. Calculate i(5).
-8
Let i(q) be the second derivative of q**4/12 + q**3/6 - 3*q**2 + 378*q. Give i(4).
14
Let l(g) be the second derivative of g**6/720 + 3*g**5/40 - 3*g**4/4 - 9*g. Let t(o) be the third derivative of l(o). Calculate t(0).
9
Let h(y) = -y**3 + 2*y**2 - y - 7. Let m(x) = -6*x**3 + 4*x**2 - 6*x - 40. Let f(g) = 5*h(g) - m(g). Let d be 0/1 - (7 + -1). What is f(d)?
-1
Let r(d) = d**3 - d - 1. Let g(v) = -6*v**2 - 6*v + 3. Let t(n) = g(n) - r(n). Let i(f) = -3*f + 2. Let m be i(-2). Suppose -m*x - 20 = -4*x. Calculate t(x).
4
Let p = 77 + -74. Suppose -4*k + 4*i - i = -18, -22 = -p*k - 2*i. Let t(o) be the second derivative of o**4/12 - 2*o**3/3 - 4*o**2 + o. Give t(k).
4
Suppose 4 = 3*i - 2*m, -2*i + 3*m = -10 - 1. Let c = -4 - -1. Let t = i - c. Let s(y) = 11*y**3 - y. Calculate s(t).
10
Let s(l) = l**2 - 3*l - 6. Suppose 2*i + 47 = f, f + 5 = -0. Let h = i - -42. Suppose 5*o + 2*d = -d + 37, -4*d = -h. Calculate s(o).
4
Let o be 2 - -1*8*-1. Let r(s) = s + 2. Let b(h) = -3*h - 12. Let j(a) = -b(a) - 2*r(a). Calculate j(o).
2
Let z(o) be the second derivative of o**5/20 + o**4/6 - o**3 - 7*o**2/2 - 79*o. What is z(-3)?
2
Let y(j) be the first derivative of -j**2/2 - 7*j + 614. Calculate y(-3).
-4
Let i = 22 - 21. Let k(w) = 1. Let b(a) = -a - 2. Let s(u) = b(u) + k(u). Calculate s(i).
-2
Let i(x) = 19*x + 96. Let c be i(-5). Let v(n) = -13*n**3. Determine v(c).
-13
Let